 q is divided by b.
0
Suppose 2*i + 1 = a - 0*i, 5 = -5*i. What is the remainder when 27 is divided by (1 + -8)*a/1?
6
Suppose -17*c + 130 = -15*c. Suppose 0*w = 2*k + 2*w - 62, c = 2*k + 5*w. Calculate the remainder when k is divided by 17.
13
Let b = 46 - -69. What is the remainder when b is divided by 15?
10
Calculate the remainder when 124 is divided by (4/(-20))/(5/(-625)).
24
Let d be (-2 + 5)*16/(-12). What is the remainder when 89 is divided by (581/21 - 7)/(d/(-6))?
27
Suppose -3*l = y - 22, -3*l = -3*y - 6 - 0. Let a(h) = 4*h**2 - 14*h - 3. Calculate the remainder when l is divided by a(4).
1
Let p = -3 - -4. Let j = 34 - p. What is the remainder when 131 is divided by j?
32
Suppose -c + 1785 = 4*c. Let i = c + -242. What is the remainder when i is divided by 29?
28
Let m(f) = -214*f**3 - f**2 + 2*f + 2. Calculate the remainder when m(-1) is divided by 8.
5
Suppose -y = -2*y, -r + y = -23. Calculate the remainder when 45 is divided by r.
22
Let u(m) = -11*m - 85. Calculate the remainder when 6 + 1 + -5 + 2 is divided by u(-8).
1
Suppose -q + 3*m = -9, -3*q = -2*m + 5*m + 9. Suppose -101 = -5*f + n, 1 + q = -n. What is the remainder when f is divided by (0 + (-14)/4)*-2?
6
Suppose -3*p + 24 = -10*k + 15*k, -40 = -5*p + 3*k. Suppose 30 = s - 9. What is the remainder when s is divided by p?
7
Let k(q) be the first derivative of -2*q**3/3 - 14*q**2 + 6*q + 7. Calculate the remainder when k(-12) is divided by 28.
26
Let l = -14 - -8. Let t(j) = -j**3 - 3*j**2 + 8*j + 5. Calculate the remainder when t(l) is divided by 5373/243 + -1*(-1)/(-9).
21
Let y(j) = 96*j + 250. Let r = 179 - 59. Suppose -r = -3*o - o. What is the remainder when y(-2) is divided by o?
28
Let w be 4/3 + 4/(-3). Suppose w = -3*y + y + 20. What is the remainder when y is divided by 3?
1
Let l = -64 + 67. Suppose 3*y - 396 = -l*y. Suppose 0*o - 5*i = 4*o - 116, o - i - 38 = 0. What is the remainder when y is divided by o?
32
Let r(n) = -n**3 - 12*n**2 - 5*n - 49. What is the remainder when 74 is divided by r(-12)?
8
Let c(y) = -69*y - 2. Let p be c(-1). Suppose p = -4*l + 135. Calculate the remainder when l is divided by 6.
5
Let j(v) = -10*v + 115. What is the remainder when 772 is divided by j(9)?
22
Let r be -1 - (88/24 - (-2)/(-3)). Let y = 12 + r. What is the remainder when 21 is divided by y?
5
Let w(q) = q - 10. Let s(c) = -1. Let k(n) = 4*s(n) - w(n). Let o be k(4). What is the remainder when -19*(4/o + -4) is divided by 13?
12
Let b(m) = m + 6. Let d be b(-3). Let f(l) = 2*l - 3 - 2*l**d + 0*l - l - 5*l. What is the remainder when 61 is divided by f(-2)?
19
Let t = 108 - 26. Let j(v) = 8*v**3 + v + 3. Let x be j(-2). Calculate the remainder when t is divided by ((-6)/9)/(65/x + 1).
19
Suppose 0 = h - 2*d - d + 4, -4*h = 3*d + 91. Let y = h + 21. Calculate the remainder when y + (-1)/((-1)/29) is divided by 8.
7
Suppose -3*j = 4*r - 20, j = r + 5*j - 5. Let c(o) = o**3 + 8*o**2 - 2*o - 9. Let b be 3*(8/6 + -4). What is the remainder when c(b) is divided by r?
2
Let n = -329 + 661. Calculate the remainder when n is divided by 67.
64
Suppose 2*n = -4*z + 38, 2*z + 2 = 2*n - 3*z. Suppose 4*c - 32 = -0*c. What is the remainder when n is divided by c?
3
Let i = 3 - 3. Suppose -v - 3*v - 128 = i. Let m = -16 - v. Calculate the remainder when m is divided by 9.
7
Suppose 5 + 15 = 4*u. Suppose 0*s + 5*t - 13 = -s, 65 = u*s - 5*t. What is the remainder when 24 + (8/4 - 3) is divided by s?
10
Suppose 4*o - 120 = 52. Let m = o + -26. Let l = -188 - -255. What is the remainder when l is divided by m?
16
Suppose 3*h = 2*z - 15, -5*z = 2*h - 4*h - 65. What is the remainder when 16 is divided by z?
1
Let k(a) = -a**2 - 14*a. Let u be k(-15). Let v = 6 + u. Let t = 14 + v. What is the remainder when t is divided by 3?
2
Let u(l) = 6*l**2 + 2*l - 2. Let f(x) = -3*x + 22. Let d be f(7). Let z(s) = 23*s**3 + 2*s**2 - s. What is the remainder when u(-3) is divided by z(d)?
22
Suppose -24*o = 5*o - 377. Calculate the remainder when 84 is divided by o.
6
Let u(g) = -32*g + 294. What is the remainder when 1061 is divided by u(8)?
35
Suppose 5*s - 3*m = 20, 2*s + 4*m - 9*m + 11 = 0. Suppose 0 = -0*x - 5*x + 130. What is the remainder when x is divided by s?
5
Suppose 0 = c - 4 - 14. Let f(x) = -x**3 + 23*x**2 - 15*x - 120. Calculate the remainder when f(22) is divided by c.
16
Suppose 0 = 18*h - 472 + 184. Calculate the remainder when h is divided by 8.
0
Let j(u) = -u**3 - 8*u**2 - 6*u - 1. Let d be -5*(-1 - (3 - 11)). Let x = -19 - d. Calculate the remainder when j(-8) is divided by x.
15
Let j(z) = -92*z**3 - z**2 + 2*z + 2. Calculate the remainder when 359 is divided by j(-1).
86
Suppose 3*p = -73 + 31. Let n = p + 7. Let q(h) = -2*h - 9. What is the remainder when 9 is divided by q(n)?
4
Let i be (-1)/((-2)/43)*2. Let o = -29 + 58. Let w = i + o. What is the remainder when w is divided by 37?
35
Let h(k) = -k**3 - 22*k**2 + 21*k - 16. What is the remainder when 128 is divided by h(-23)?
8
Suppose 43 = 2*b + 13. Suppose -w + 25 = -k + 2*k, -5*w = b. Suppose -s = -5*g + k, 0 = -0*g - 2*g + 4*s + 4. What is the remainder when g is divided by 4?
2
Suppose 0 = 5*d - 23*d + 810. Calculate the remainder when 220 is divided by d.
40
Let a = 81 - 74. Suppose 28 = -a*s + 385. Calculate the remainder when s is divided by 26.
25
Suppose 68 = k + 25. Let w(m) = 2*m**2 + 24*m - 3. What is the remainder when k is divided by w(-13)?
20
Let a = 5 - 12. Let p(t) = t**3 + 9*t**2 + 9*t + 10. Let z be p(a). Suppose 5*s + z = 8*s. Calculate the remainder when s is divided by 6.
3
Let x(d) = -21*d + 10. Let c be x(-6). Let a = c - 79. Calculate the remainder when a is divided by 33.
24
Let h = -58 - -98. Suppose -47*x + 64*x = 3383. What is the remainder when x is divided by h?
39
Suppose 2*k - p = p + 496, -p + 732 = 3*k. Let n = k - 104. What is the remainder when n is divided by 36?
33
Suppose -828 = -8*u - 4*u. Suppose 3*t + 4*v - 72 + 8 = 0, 0 = 4*v + 8. What is the remainder when u is divided by t?
21
Suppose 0 = 5*c - 2*t - 60, -51 + 15 = -3*c + 3*t. Suppose -4*s - z + 186 = -2*z, -4*s + 194 = 3*z. What is the remainder when s is divided by c?
11
Calculate the remainder when (-51)/(-68) - (-2463)/12 is divided by 71.
64
Let y(b) = b**3 - 3*b + 25. Suppose 0 = 3*h + 3*k - 0 - 3, 4*k - 4 = h. What is the remainder when y(h) is divided by 13?
12
Let b(z) = z**2 + z - 47. What is the remainder when 196 is divided by b(8)?
21
Suppose 2*q - 139 + 25 = 0. Suppose -3*s = 5*l - q, -95 = -3*s - 2*s - 4*l. Let f = s + -11. What is the remainder when f is divided by 3?
2
Suppose -6*g + 130 = -50. Let w = 14 + g. Calculate the remainder when w is divided by 6.
2
Let l(f) = -f + 2. Let j be l(-21). Suppose j = 4*y - 3*q - 28, -2*q = 10. What is the remainder when 16 is divided by y?
7
Let s = -2 + 20. Let y = 444 - 377. What is the remainder when y is divided by s?
13
Suppose 9*t - 10*t + 12 = -2*k, 5*t - k = 24. What is the remainder when 84 is divided by t?
0
Let s be (42/70)/((-2)/(-10)). Suppose -5*j - s*f + 490 = 80, 5*j - 5*f - 450 = 0. Let n = j + -58. What is the remainder when n is divided by 11?
5
Let u = 118 - 166. Let k be 10/4*u/60. Calculate the remainder when k/(-3) - (-488)/6 is divided by 21.
19
Let g be 0 - -25 - (-12 + 8). Suppose 4*y - y - 5*u + 1 = 0, g = 3*y + u. What is the remainder when 13 is divided by y?
5
Suppose -18*g + 76 = 8*j - 10*j, 2*j - 34 = -4*g. Let o be -1 + 2 - 9*-2. Let v = -5 + o. Calculate the remainder when v is divided by g.
4
What is the remainder when (-160)/(200/(-32) - (1 + -7)) is divided by 92?
88
Let v = 3348 - 1864. What is the remainder when v is divided by 8?
4
Let h(d) = 103*d**3 - d**2. Let f = -18 + 17. Let z be h(f). Calculate the remainder when 51 is divided by (-12)/(-18) - z/6.
15
Suppose 0 = -m - 14 - 14. Let b be (-1744)/m + 4/(-14). Let u = -33 + b. What is the remainder when u is divided by 10?
9
Let x(r) be the third derivative of r**5/60 - r**4/8 - 4*r**3/3 - 3*r**2. Let j(v) = v**3 + 5*v**2 - 9*v. Calculate the remainder when j(-6) is divided by x(6).
8
Let s(c) = -6*c - 25. Let t be s(-5). Suppose -3*q = t*y - 7*q - 168, -q - 141 = -4*y. What is the remainder when y is divided by 19?
17
Suppose i + 3*k + 13 = 0, -4*k + k + 9 = 0. Let n = 